e the highest common factor of 250 and 20.
10
Calculate the greatest common factor of 1652 and 8.
4
Calculate the highest common factor of 52 and 221.
13
Calculate the highest common factor of 104 and 8.
8
Calculate the highest common factor of 2016 and 768.
96
Calculate the highest common divisor of 481 and 13.
13
Calculate the greatest common factor of 455 and 4823.
91
What is the highest common divisor of 9 and 171?
9
Calculate the greatest common divisor of 665 and 140.
35
What is the greatest common divisor of 168 and 3318?
42
What is the highest common divisor of 177 and 9?
3
What is the greatest common factor of 70 and 8?
2
Calculate the greatest common factor of 493 and 58.
29
Calculate the greatest common factor of 1561 and 3791.
223
Calculate the highest common divisor of 51 and 442.
17
Calculate the greatest common factor of 744 and 4008.
24
Calculate the greatest common factor of 60 and 29490.
30
Calculate the greatest common factor of 11 and 12881.
11
What is the greatest common divisor of 640 and 230?
10
Calculate the greatest common factor of 4082 and 26.
26
What is the highest common divisor of 36 and 8?
4
Calculate the greatest common divisor of 50 and 3550.
50
Calculate the greatest common divisor of 28 and 329.
7
What is the highest common divisor of 1071 and 952?
119
Calculate the greatest common divisor of 21716 and 356.
356
Calculate the highest common divisor of 1722 and 126.
42
What is the greatest common divisor of 124 and 62?
62
What is the greatest common factor of 15 and 3645?
15
Calculate the highest common divisor of 4308 and 12.
12
What is the greatest common factor of 176 and 768?
16
Calculate the greatest common factor of 204 and 60.
12
Calculate the highest common factor of 273 and 39.
39
What is the highest common divisor of 75 and 255?
15
What is the greatest common divisor of 1500 and 204?
12
Calculate the greatest common factor of 3654 and 441.
63
What is the highest common factor of 92 and 69?
23
Calculate the greatest common divisor of 608 and 76.
76
What is the greatest common factor of 80 and 280?
40
Calculate the highest common factor of 91 and 2093.
91
What is the greatest common divisor of 2376 and 351?
27
Calculate the greatest common factor of 3 and 4.
1
Calculate the greatest common factor of 200 and 650.
50
What is the highest common divisor of 1017 and 18?
9
What is the greatest common factor of 5 and 65?
5
Calculate the highest common divisor of 430 and 258.
86
What is the greatest common factor of 15 and 42?
3
What is the highest common divisor of 26 and 314?
2
What is the greatest common divisor of 447 and 6?
3
What is the greatest common factor of 8296 and 1464?
488
Calculate the greatest common divisor of 427 and 7.
7
What is the greatest common factor of 249 and 1411?
83
Calculate the highest common factor of 561 and 132.
33
Calculate the highest common factor of 123 and 205.
41
What is the highest common divisor of 1836 and 1632?
204
Calculate the highest common divisor of 47 and 1504.
47
Calculate the greatest common divisor of 273 and 91.
91
Calculate the highest common factor of 123 and 41.
41
What is the greatest common factor of 40 and 216?
8
What is the greatest common factor of 5 and 245?
5
Calculate the greatest common divisor of 2781 and 135.
27
Calculate the greatest common divisor of 25560 and 90.
90
What is the greatest common divisor of 2004 and 24?
12
Calculate the highest common factor of 8 and 6.
2
What is the highest common factor of 16 and 904?
8
Calculate the highest common divisor of 2497 and 2043.
227
Calculate the greatest common divisor of 7427 and 7.
7
What is the greatest common factor of 45 and 180?
45
What is the greatest common divisor of 496 and 64?
16
What is the highest common factor of 138 and 2415?
69
Calculate the greatest common factor of 8942 and 34.
34
Calculate the greatest common divisor of 18 and 864.
18
What is the greatest common factor of 107 and 3?
1
What is the highest common divisor of 1128 and 336?
24
What is the greatest common factor of 90 and 20?
10
Calculate the highest common divisor of 11461 and 314.
157
What is the highest common factor of 325 and 475?
25
Calculate the highest common factor of 540 and 384.
12
Calculate the greatest common divisor of 42142 and 38.
38
What is the highest common divisor of 1110 and 50?
10
What is the greatest common factor of 4183 and 282?
47
Calculate the highest common factor of 22971 and 806.
403
What is the greatest common factor of 2464 and 231?
77
What is the greatest common divisor of 372 and 21018?
186
Calculate the greatest common divisor of 352 and 957.
11
What is the highest common divisor of 33 and 1529?
11
Calculate the highest common factor of 3626 and 686.
98
What is the greatest common factor of 2440 and 40?
40
What is the greatest common divisor of 80 and 464?
16
Calculate the greatest common divisor of 4950 and 297.
99
Calculate the highest common divisor of 38 and 2793.
19
What is the greatest common factor of 22 and 1133?
11
Calculate the greatest common divisor of 2 and 14.
2
Calculate the greatest common factor of 91 and 221.
13
What is the greatest common factor of 6318 and 26?
26
Calculate the highest common divisor of 9751 and 49.
49
What is the greatest common factor of 3537 and 540?
27
Calculate the greatest common factor of 207 and 1817.
23
Calculate the greatest common factor of 146 and 2774.
146
Calculate the highest common factor of 21 and 3297.
21
Calculate the greatest common factor of 819 and 91.
91
Calculate the greatest common divisor of 131 and 9301.
131
What is the highest common divisor of 109 and 1?
1
Calculate the highest common divisor of 74 and 4.
2
Calculate the highest common factor of 561 and 33.
33
Calculate the greatest common factor of 36 and 116.
4
Calculate the highest common divisor of 1 and 11375.
1
Calculate the highest common factor of 1375 and 308.
11
What is the highest common divisor of 1755 and 540?
135
Calculate the highest common factor of 28 and 28420.
28
What is the greatest common factor of 2981 and 4878?
271
Calculate the highest common divisor of 831 and 54.
3
Calculate the highest common factor of 396 and 24.
12
What is the greatest common factor of 2 and 34?
2
Calculate the greatest common factor of 80 and 120.
40
What is the greatest common factor of 13 and 416?
13
What is the greatest common factor of 7 and 5649?
7
What is the highest common factor of 5369 and 182?
91
What is the highest common factor of 21 and 63?
21
Calculate the highest common divisor of 67 and 1139.
67
What is the greatest common factor of 4042 and 376?
94
What is the highest common factor of 462 and 66?
66
What is the highest common factor of 410 and 20?
10
What is the highest common factor of 2034 and 113?
113
What is the highest common factor of 60 and 1230?
30
What is the highest common divisor of 559 and 52?
13
What is the greatest common divisor of 17605 and 70?
35
Calculate the greatest common divisor of 2784 and 174.
174
What is the highest common factor of 441 and 1233?
9
What is the highest common factor of 63 and 2079?
63
What is the highest common divisor of 129 and 344?
43
Calculate the greatest common divisor of 190 and 20.
10
Calculate the greatest common factor of 60 and 50.
10
Calculate the greatest common divisor of 76 and 4864.
76
Calculate the highest common factor of 176 and 328.
8
What is the highest common divisor of 45 and 165?
15
Calculate the greatest common divisor of 741 and 273.
39
Calculate the highest common factor of 117 and 273.
39
What is the greatest common divisor of 171 and 9?
9
What is the highest common factor of 41010 and 30?
30
What is the greatest common divisor of 38 and 19?
19
Calculate the highest common factor of 17 and 799.
17
Calculate the highest common divisor of 243 and 15.
3
Calculate the greatest common divisor of 12 and 688.
4
What is the greatest common divisor of 1142 and 8?
2
Calculate the greatest common divisor of 455 and 91.
91
What is the highest common divisor of 42 and 1542?
6
What is the greatest common divisor of 10 and 2155?
5
What is the greatest common factor of 891 and 44?
11
What is the highest common divisor of 278 and 2?
2
Calculate the greatest common factor of 52 and 2977.
13
What is the